- 4*j**2 - 3*j - 2. Suppose -4*n + 8*n + 8 = 0. What is o(n)?
-4
Let j(r) = -3*r**2 + 2*r - 8. Let a(d) = 7*d**2 - 5*d + 17. Let b(s) = -4*a(s) - 9*j(s). Let u(q) = q - 2. Let t be u(0). Let m = t - -5. What is b(m)?
1
Let n(j) = -2*j**2 + j - 2. Let u be ((-12)/(-5))/2*(-155)/(-93). Calculate n(u).
-8
Let z be 1 - 3*(-6)/9. Let q(x) = 3*x**3 - 4 + 6*x + 3 + 8*x**2 - 3*x**z + x**3. Determine q(-7).
6
Let b(d) = d**2 - d. Let k be b(2). Suppose -k*q + 1 - 3 = 0. Let a(m) = -23*m + 3*m + 4*m + 7*m + 6*m. Give a(q).
3
Let j(m) = -m**2 - m. Let c(t) = t**3 + 9*t**2 + 6*t + 6. Let l(o) = c(o) + 4*j(o). Give l(-5).
-4
Let v = -55 + 54. Let t(c) = -15*c. Determine t(v).
15
Let c(l) = -4*l**2. Let w(q) = -2*q - 9. Let n be w(-4). What is c(n)?
-4
Let g(c) = 3*c - 3. Let a(r) = 13*r - 75. Let v be a(6). What is g(v)?
6
Let b = 135 - 145. Let u(s) = s**2 + 12*s + 15. Give u(b).
-5
Suppose -w - 4 = 5. Let n = -7 - w. Let f(m) = -2*m - n + 2*m**3 - 4 + 4 - m**3 + m**2. What is f(-2)?
-2
Let m(v) be the third derivative of -v**6/120 - v**5/30 - v**4/8 - v**3/3 - v**2. Let p(c) = 2*c**2 - 18*c - 2. Let r be p(9). Give m(r).
4
Let k be ((-9)/2 - -3)/((-6)/16). Let b(l) be the second derivative of 1/6*l**3 + 0 - 1/12*l**k - l**2 + l. Determine b(0).
-2
Let z(f) be the third derivative of -3*f**4/8 + 11*f**3/6 - 3*f**2. Let v(l) = -5*l + 6. Let t(k) = -5*v(k) + 3*z(k). Calculate t(4).
-5
Let a(m) = -5*m - 3. Let t = -8 + 6. Give a(t).
7
Let p(a) be the second derivative of -a**5/20 + 7*a**4/12 - a**3/6 + 3*a**2/2 - 8*a. What is p(7)?
-4
Let w(i) = -i - 4. Let h be w(-5). Let a(t) = 2 - 1 + h + t. What is a(5)?
7
Let q = -36 + 35. Let p(x) = x**2. Determine p(q).
1
Let n(i) = -4 + 0 + 71*i - 33*i - 41*i. Determine n(-3).
5
Let q(r) = -7*r**2 + 3*r + 13. Let w(m) = 11*m**2 - 5*m - 20. Let a(v) = 8*q(v) + 5*w(v). Suppose -s - 5 = k, 3*k = -2*s - 8 - 7. What is a(s)?
4
Let l(k) = -k**2 - 3*k + 5. Let b be 3 - (-2 - -1) - 8. Give l(b).
1
Let n be (4/(-5))/(18/(-135)). Let v(z) = -z**3 + 5*z**2 + 6*z - 7. Determine v(n).
-7
Suppose 139*v = 134*v + 25. Let c(q) be the third derivative of 0*q + 1/8*q**4 + 0 + 5/6*q**3 - 1/10*q**5 + 2*q**2 + 1/120*q**6. Give c(v).
-5
Let d(u) = 2*u. Let k(c) = -c**2 - 8*c - 9. Let j be k(-6). Let m be (-2)/(-3) - (-1)/j. Let s be 2*m/2*-3. Determine d(s).
-6
Let i(z) = -18*z - 1. Let x be i(-2). Suppose 3*w + x = -2*w. Let l(p) = p**2 + 7*p - 5. Give l(w).
-5
Suppose 7*n + 13 = a + 2*n, 3*a - 39 = -2*n. Suppose a = 4*j + 5. Let d(w) = -4*w**2 + w**3 + 1 - j*w**3 + 7*w - 6*w. Determine d(-3).
-11
Let y = -6 + 8. Let k be -2 + -87*(-3)/3. Let h(m) = k*m + 1 - 84*m - 4. Calculate h(y).
-1
Let n be (-1)/(-3) + 2/3. Let x(p) = -1 - p + 4*p - p - 505*p**2 + 510*p**2. What is x(n)?
6
Suppose 3*b = -u + 7, u - 3 = -2*u. Let p(m) = -4*m**2 + 2*m + 1. What is p(b)?
-11
Let u(g) = 0*g**2 + 7 - g**2 - 12 - 6*g. Calculate u(-5).
0
Let z(s) = -2*s - 33. Let d be z(-16). Let p(u) = -2*u**2 - u - 1. Calculate p(d).
-2
Let c(p) = -3*p**2 + 3*p**2 + 1 + p**2 + p**3 + 1. Give c(-2).
-2
Suppose -3*c - 3 = -3*m - 6, -5*m + 5 = -3*c. Suppose -3*h - o = 4, 0 = -m*h - 5*o - 0 - 9. Let w(k) = 4*k**3 + k + 1. Determine w(h).
-4
Let p(f) = f - 1. Suppose 0 = -5*d + 20, c + 4*c - 2*d + 38 = 0. What is p(c)?
-7
Let s(l) be the third derivative of -l**4/6 - l**3/3 + 2*l**2. Suppose -n - 17 = 6*v - 2*v, -1 = 2*v - n. Calculate s(v).
10
Suppose 73 = 4*o + 21. Suppose 2*u = -3*h + 9, -4*u = h - 0*h - o. Let y(b) = 3*b**3 + 1. Let l be y(h). Let z(v) = -v**3 + 3*v**2 + 2*v. What is z(l)?
-8
Let o(s) = 4*s**3 - s. Let y(b) = -2*b - 3 + 0*b + 0*b - b**2 - 3*b. Let h be y(-3). Suppose h*n + 0 = 3. What is o(n)?
3
Let a = -4 + 0. Let c(x) = x**2 + 3*x + 4. Calculate c(a).
8
Let f(h) = 7*h + 14*h - h**2 - 16*h + 2. Determine f(3).
8
Let o = -3 - -9. Let d(v) = v**3 - 5*v**2 - 3*v - 4. What is d(o)?
14
Suppose 12 = -i - 2*i. Let k(y) = -y + 7. Let f(c) = -2. Let d(x) = -9*f(x) - 2*k(x). Give d(i).
-4
Let w(l) = -l + 7. Let z be (1 + -1)/(4 - 6). Determine w(z).
7
Let n be 4/(-6)*(-3)/(-2). Let q(y) = y + 1. Give q(n).
0
Let x(z) = 15*z**3 + z**2 + z - 3. Let w(g) = -15*g**3 - 2*g**2 - g + 4. Let a(p) = -3*w(p) - 4*x(p). What is a(1)?
-14
Suppose -125 = -5*x - 100. Let m(h) = h**3 - 9*h**2 - 1. Let i(u) = -u**2 - 1. Let b(t) = 4*i(t) - m(t). Calculate b(x).
-3
Let g(k) = -2*k - 2. Let f(r) = -r - 2. Let s(o) = -5*f(o) + 4*g(o). Give s(3).
-7
Let h(m) be the second derivative of m**3/6 - m**2/2 - 3*m. Calculate h(-6).
-7
Suppose -6*k + b = -4*k - 7, 0 = -3*k - 4*b - 6. Suppose 0 = -0*m + k*m + 4. Let h = m - -1. Let s(i) = -6*i - 1. Give s(h).
5
Let m(o) be the second derivative of o**4/12 - 2*o**3/3 - o**2 - 3*o. Determine m(6).
10
Let s(b) = 2*b. Let v(u) = 6*u**2 - u + 1. Let h be v(1). Calculate s(h).
12
Let z = -10 + 12. Let o(i) = -3*i**3 + i + 2. Let r(x) = -15*x**3 - x**2 + 6*x + 10. Let g(m) = z*r(m) - 11*o(m). Calculate g(2).
16
Suppose -2*u + 4 = -a, a - 4 = 5*u - 17. Let p(o) = -6*o**2 - 3*o**a - 10 + 11. Determine p(-1).
-8
Let i = -16 + 12. Let h(s) = -s**2 - 5*s - 6. What is h(i)?
-2
Let q be -1*(-1 + -1 - -2). Let s(l) be the third derivative of -l**8/20160 - l**5/5 + l**2. Let y(g) be the third derivative of s(g). Calculate y(q).
0
Let y(s) be the first derivative of s**5/120 - 5*s**4/24 + 2*s**3/3 - 1. Let i(u) be the third derivative of y(u). Give i(5).
0
Let s(c) = -2*c + 5 + 2*c**2 + 3 - 6. Give s(2).
6
Let d(z) = -z + 2. Let w be (-18)/4 - ((-2)/(-4) + -1). Determine d(w).
6
Let l(o) be the first derivative of o**4/4 - 8*o**3/3 - o**2/2 + 10*o + 7. What is l(8)?
2
Let v(a) = -5*a**3 - 7*a**2 + 1. Let l(t) = -3*t**2 - 4*t. Let s(x) = -7*x**2 - 9*x. Let y(k) = 9*l(k) - 4*s(k). Let u(c) = v(c) + 5*y(c). Calculate u(-1).
4
Suppose f = 4*g + 6*f - 39, 2*g = 4*f. Let h(r) = -3*r + 8. Determine h(g).
-10
Let x(s) = 2*s**2 + 1. Let p be x(1). Let w(i) be the second derivative of -i**3/6 + i**2/2 + 5*i - 1. Calculate w(p).
-2
Let a(i) be the second derivative of -1/3*i**4 + 0 - i**2 + 4*i - 1/2*i**3 - 1/20*i**5. Determine a(-3).
-2
Let d be (-3 + 5)*-1 + 3. Let g(m) = 4 + d + 3*m - 8. Let i(j) = 10*j - 10. Let p(q) = -7*g(q) + 2*i(q). Calculate p(-6).
7
Let x(p) be the first derivative of -2*p**3 - 1/4*p**4 - 5/2*p**2 - 3*p + 3. Calculate x(-5).
-3
Let f(n) = 9 - 26*n - 11 - 16*n + 47*n. Suppose -1 = -4*s + 3. Let w be s/(-1) + (3 - 0). Determine f(w).
8
Let p(c) be the second derivative of c**5/20 + 5*c**4/6 + 5*c**3/3 + c**2 + 16*c. What is p(-9)?
-7
Let g(s) be the second derivative of s**5/20 + s**4/4 + s**3/6 + s**2/2 + s. Suppose -42 = 6*h + 8*h. What is g(h)?
-2
Suppose -2 = -2*u + u. Let y(j) = 4*j + 0*j + 6*j + j**u - 4*j + 3. Let a(v) = -v**3 - 5*v**2 + 5*v - 8. Let b be a(-6). What is y(b)?
-5
Suppose 2*r = -3*x - r - 15, 2*x + 4*r = -4. Let c(k) = k**3 + 9*k**2 + 8*k + 4. Give c(x).
4
Let l(i) = 39 + 40 - 78. Let j(h) = h - 5. Let z be j(4). Let y(f) = 3*f - 5. Let w(t) = z*y(t) - 5*l(t). Calculate w(-3).
9
Let r(n) be the second derivative of -n**5/5 - n**2/2 - n. Suppose -5*u = -0*u + 5*a + 35, -u - 10 = 4*a. Let o(p) = p**2 + 5*p - 7. Let y be o(u). Give r(y).
3
Let x be (6/(-15))/(1/5). Let s(i) = -i**2 + 4*i - 2. Let g(o) = 2*o**2 - 7*o + 4. Let t(b) = x*g(b) - 5*s(b). Let l(w) = w**2. Let n be l(-2). Give t(n).
-6
Let j(y) = -16*y**2 + y. Let k(f) = 14*f**2 - 4*f + 3. Let a(d) = d**2 + d - 1. Let s(n) = -3*a(n) - k(n). Let p(c) = 5*j(c) - 4*s(c). What is p(1)?
-11
Let u(r) = -r - r + 5*r - r. Let v(g) = g**2 + 5*g. Let z be v(-5). Let s = 3 - z. Give u(s).
6
Let b(j) = -13*j**2 + j + 2*j - 2*j. Let c be (-33)/(-27) - -2*(-1)/9. Determine b(c).
-12
Let w(g) = -g**3 - 8*g**2 + g + 4. Let f(j) = 4*j**3 + 25*j**2 - 2*j - 11. Let c(p) = 2*f(p) + 7*w(p). What is c(5)?
-4
Let v(o) = -3*o**2 - 2*o + 7. Let r(g) = -g**2 + g. Let t(q) = 2*r(q) - v(q). What is t(-5)?
-2
Let b(d) = d**3 - d**2 - d + 7. Suppose 2*s = -5*n + 54 - 11, 0 = 5*s - n - 40. Let z = s - 9. Suppose z*g - g = 0. Determine b(g).
7
Let z(m) = -8*m**2 - 2*m - 1. Let p(f) = -f**3 - 11*f**2 - 4. Let s be p(-11). Let n be 0 + 1 - 1*-2. Let w = n + s. Give z(w).
-7
Let p(m) = 2*m + 5. Suppose -i + 4*b = 2*b + 4, -2*i + b - 8 = 0. What is p(i)?
-3
Let c(k) be the third derivative of -k**5